4283?
3
What is the tens digit of 276568535?
3
What is the tens digit of 82975371?
7
What is the hundred millions digit of 109965127?
1
What is the tens digit of 97453447?
4
What is the tens digit of 258606273?
7
What is the hundred thousands digit of 1422569063?
5
What is the hundreds digit of 6256719?
7
What is the thousands digit of 35362790?
2
What is the hundreds digit of 3380269339?
3
What is the millions digit of 152724180?
2
What is the hundred thousands digit of 51027939?
0
What is the tens digit of 1551634963?
6
What is the ten millions digit of 6637295078?
3
What is the tens digit of 813871239?
3
What is the hundred thousands digit of 11882852?
8
What is the units digit of 98360269?
9
What is the millions digit of 50976501?
0
What is the hundred thousands digit of 31017974?
0
What is the hundreds digit of 1913189120?
1
What is the units digit of 36764194?
4
What is the ten millions digit of 8190420313?
9
What is the thousands digit of 51769808?
9
What is the hundred thousands digit of 216742779?
7
What is the millions digit of 71702053?
1
What is the hundred thousands digit of 905045735?
0
What is the units digit of 9241472?
2
What is the hundreds digit of 141532764?
7
What is the hundred millions digit of 957699896?
9
What is the millions digit of 42023114?
2
What is the hundred thousands digit of 420379765?
3
What is the hundreds digit of 1187420173?
1
What is the units digit of 823540013?
3
What is the thousands digit of 57684562?
4
What is the units digit of 51879109?
9
What is the hundreds digit of 58677080?
0
What is the hundred thousands digit of 2210127136?
1
What is the tens digit of 6085205766?
6
What is the millions digit of 208500021?
8
What is the tens digit of 539201396?
9
What is the tens digit of 576051507?
0
What is the ten millions digit of 11343043?
1
What is the hundred thousands digit of 145691935?
6
What is the thousands digit of 5654773?
4
What is the ten millions digit of 372990395?
7
What is the hundred millions digit of 1932092712?
9
What is the hundred thousands digit of 210006921?
0
What is the ten thousands digit of 1229388?
2
What is the ten millions digit of 27328355?
2
What is the hundreds digit of 2642570142?
1
What is the units digit of 1752581835?
5
What is the ten thousands digit of 433687345?
8
What is the ten thousands digit of 349962136?
6
What is the millions digit of 76761384?
6
What is the hundreds digit of 49681565?
5
What is the thousands digit of 515624585?
4
What is the units digit of 336285730?
0
What is the thousands digit of 70512648?
2
What is the ten thousands digit of 745170727?
7
What is the hundred thousands digit of 36210915?
2
What is the ten thousands digit of 461880251?
8
What is the units digit of 9683158?
8
What is the millions digit of 2231356252?
1
What is the ten thousands digit of 2690047942?
4
What is the units digit of 74167879?
9
What is the ten millions digit of 54403748?
5
What is the hundred thousands digit of 123015096?
0
What is the hundreds digit of 720546559?
5
What is the hundred millions digit of 133367030?
1
What is the units digit of 8988445?
5
What is the ten millions digit of 1620636210?
2
What is the ten thousands digit of 43819541?
1
What is the hundred millions digit of 405118506?
4
What is the thousands digit of 3351320873?
0
What is the hundreds digit of 27044199?
1
What is the ten thousands digit of 1055341516?
4
What is the millions digit of 2293132?
2
What is the thousands digit of 49943216?
3
What is the millions digit of 28139180?
8
What is the ten thousands digit of 385374669?
7
What is the units digit of 60358520?
0
What is the thousands digit of 1149593?
9
What is the ten thousands digit of 1467097332?
9
What is the millions digit of 170439550?
0
What is the hundreds digit of 233906885?
8
What is the billions digit of 1254181893?
1
What is the hundred millions digit of 4257609219?
2
What is the units digit of 2456942195?
5
What is the ten millions digit of 65912331?
6
What is the tens digit of 99824668?
6
What is the hundred thousands digit of 1368474563?
4
What is the hundreds digit of 741351290?
2
What is the hundred thousands digit of 5006701054?
7
What is the ten millions digit of 706768688?
0
What is the units digit of 905931178?
8
What is the hundred thousands digit of 12718024?
7
What is the units digit of 41453767?
7
What is the tens digit of 89035601?
0
What is the tens digit of 11882599?
9
What is the units digit of 140601717?
7
What is the hundred millions digit of 2838606531?
8
What is the thousands digit of 2749167869?
7
What is the hundred millions digit of 239199758?
2
What is the tens digit of 395138043?
4
What is the hundreds digit of 54461741?
7
What is the hundreds digit of 67834900?
9
What is the millions digit of 38086409?
8
What is the ten millions digit of 34960142?
3
What is the ten millions digit of 130912033?
3
What is the hundred millions digit of 2815817466?
8
What is the ten thousands digit of 2840652362?
5
What is the ten thousands digit of 39058890?
5
What is the hundred thousands digit of 125082885?
0
What is the hundreds digit of 90727892?
8
What is the hundreds digit of 938251801?
8
What is the millions digit of 263566563?
3
What is the ten thousands digit of 3035403348?
0
What is the ten millions digit of 33968847?
3
What is the tens digit of 1326607638?
3
What is the units digit of 636176440?
0
What is the hundred millions digit of 940616814?
9
What is the ten millions digit of 453455194?
5
What is the ten millions digit of 359845436?
5
What is the millions digit of 304669054?
4
What is the thousands digit of 1083829559?
9
What is the tens digit of 29999576?
7
What is the units digit of 2973278604?
4
What is the hundred millions digit of 702305350?
7
What is the ten thousands digit of 2484368295?
6
What is the hundreds digit of 1406194369?
3
What is the hundreds digit of 816699425?
4
What is the units digit of 21879300?
0
What is the hundred millions digit of 4105835760?
1
What is the hundred thousands digit of 49176186?
1
What is the hundreds digit of 3720027?
0
What is the units digit of 55068447?
7
What is the hundred thousands digit of 86253256?
2
What is the millions digit of 178802934?
8
What is the ten thousands digit of 140751297?
5
What is the hundred thousands digit of 1697318902?
3
What is the ten millions digit of 46139232?
4
What is the ten thousands digit of 442841348?
4
What is the hundreds digit of 96413983?
9
What is the ten thousands digit of 461520896?
2
What is the ten millions digit of 2622113592?
2
What is the hundreds digit of 24175468?
4
What is the ten millions digit of 229168305?
2
What is the hundreds digit of 6356253201?
2
What is the ten millions digit of 52702464?
5
What is the ten thousands digit of 29615926?
1
What is the ten thousands digit of 793640805?
4
What is the ten thousands digit of 52579198?
7
What is the ten thousands digit of 26033419?
3
What is the ten millions digit of 46095857?
4
What is the thousands digit of 1070065?
0
What is the hundred thousands digit of 19375296?
3
What is the hundred millions digit of 5366058337?
3
What is the thousands digit of 384534091?
4
What is the millions digit of 63936654?
3
What is the units digit of 75152717?
7
What is the tens digit of 2590614580?
8
What is the hundreds digit of 420119057?
0
What is the units digit of 156415138?
8
What is the hundred millions digit of 1281494236?
2
What is the ten millions digit of 288407419?
8
What is the millions digit of 17679110?
7
What is the hundred thousands digit of 68080982?
0
What is the thousands digit of 90756036?
6
What is the ten millions digit of 116324110?
1
What is the units digit of 129465338?
8
What is the billions digit of 5015317772?
5
What is the millions digit of 6651518?
6
What is the ten millions digit of 26600313?
2
What is the ten thousands digit of 34033642?
3
What is the millions digit of 52800724?
2
What is the hundred thousands digit of 31697363?
6
What is the hundreds digit of 2819898907?
9
What is the units digit of 72930045?
5
What is the millions digit of 1009998979?
9
What is the units digit of 1223827850?
0
What is the units digit of 2135431585?
5
What is the hundred thousands digit of 4906180480?
1
What is the millions digit of 2215639692?
5
What is 